36 = -2*t, 0 = 18*t - 16*t + 3*d - 29. Calculate the remainder when 72 is divided by t.
8
Let t = -17 + 22. Let n(f) = -6*f + 2. Let b = 4 - 9. Calculate the remainder when n(b) is divided by t.
2
Suppose 80*n - 25 = 75*n. Let u = -2 - -4. Suppose 0 = -4*b + 4*p + 12, u*b + n*p - 4 - 2 = 0. What is the remainder when b is divided by 1?
0
Suppose -3*f + 21 = 3. Let d(x) = x**2 - 4*x + 2. Let j be d(f). Suppose 5*t - 23 = c, 4*t + 2*c - j + 4 = 0. Calculate the remainder when 10 is divided by t.
2
Let l = 58 - 62. What is the remainder when 29 is divided by 22/(-5)*10/l?
7
Let j(i) = 3*i - 20. Let t be j(9). Let c(u) = -u**2 + 6*u + 3. Let n be c(t). What is the remainder when (0 + 0)/n + 118 is divided by 30?
28
Let b = 3 - -13. Let u = b - 8. Calculate the remainder when 13 is divided by u.
5
Suppose -3*o + 3*h = 2*o - 524, 3*o - h = 312. What is the remainder when o is divided by 8?
7
Let d = 159 - 109. Suppose 5*t - 98 = 2*l + 2*t, 0 = 5*l + t + 262. Let f = l + 65. Calculate the remainder when d is divided by f.
11
Suppose 73*i - 3196 = 381. What is the remainder when 1075 is divided by i?
46
What is the remainder when 3 + -7 + 254 - -2 is divided by 51?
48
Suppose -90 = -2*n - 3*n. What is the remainder when -4 + ((-468)/60)/((-1)/5) is divided by n?
17
Let o(t) = -t**2 - 11*t + 4. Let r be o(-7). Suppose 12 - r = -l. What is the remainder when l is divided by 7?
6
Suppose -10 = -2*p + 4. Suppose 4*g - 28 = 2*w - 0, -4*w + 24 = 2*g. Let j(y) = y + 19. Calculate the remainder when j(g) is divided by p.
6
Suppose -61*v + 4133 = -442. What is the remainder when 2473 is divided by v?
73
Let i = 13 + 102. Suppose 0 = 3*l - 134 - i. Suppose -5*q + 0*q + 105 = 0. What is the remainder when l is divided by q?
20
Let u(n) = -27*n + 1. Let f be u(1). Let o = -20 - f. Let q = -24 - -35. What is the remainder when q is divided by o?
5
Suppose -1 = -3*w + 26. What is the remainder when (-2)/((-6)/(-153)*-3) is divided by w?
8
Let v be -3*(0 - 20/12). Suppose 851 = v*k + 5*l - 3*l, 2*k = 4*l + 350. What is the remainder when k is divided by 43?
42
Suppose -4*h = -2*w + 30, -4*h + 5*h - 69 = -4*w. Suppose -7*x = -4*x. Suppose x = -r + 5 + w. Calculate the remainder when r is divided by 6.
4
Suppose -47*q + 3361 = -1057. What is the remainder when 116 is divided by q?
22
Suppose b = 5*b + 36. Let m = 12 + b. Suppose 35 = m*x - 25. Calculate the remainder when 38 is divided by x.
18
Suppose -5*o + 2*o = -90. Suppose -o = -5*f - 4*v, 3*f - 25 = -0*f - v. What is the remainder when ((-24)/f)/((-12)/150) is divided by 8?
6
Suppose 0 = 4*w + w - 155. Let l = 32 - w. What is the remainder when (1946/42)/(l/3) is divided by 35?
34
Let u(z) = -2*z**2 + 8*z + 21. Let p be u(9). Let j = p - -83. What is the remainder when 21 is divided by j?
7
Let z(s) = 5*s + 5 - 3 + 6*s**2 - 4*s**2. Calculate the remainder when (-84)/8*(-8)/6 is divided by z(-3).
4
Let h(k) = 8*k - 27. Let a be h(5). Suppose -29 = -3*s + 2*x + a, -x = 3. Let v(y) = 3*y + 4. Calculate the remainder when v(6) is divided by s.
10
Let d(b) = -b**2 + 14*b + 1. What is the remainder when d(11) is divided by ((-9)/(-12))/((-380)/96 + 4)?
16
Suppose -8 = 3*j - 2*j + 2*n, -4*j - 3*n - 17 = 0. Calculate the remainder when (44/(-6))/((-16)/120) is divided by ((-7)/1)/(j/4).
13
Let s(i) = i**2 - 12*i - 6. Let t be s(13). Suppose t = -2*z + 3*z + 2*o, 0 = 3*z + o - 31. What is the remainder when z is divided by 6?
5
Let d = -1475 - -1481. What is the remainder when 401 is divided by d?
5
Suppose 3*a - 84 = -0*a. Let b = 44 - a. What is the remainder when 29 is divided by b?
13
Suppose 2*u - 42 = 3*y, 2*u = -2*y + 11 + 31. Let b(o) = -11 + 9*o - o**3 + 0*o + 0*o**2 - 10*o**2. Calculate the remainder when u is divided by b(-11).
10
Let i = 4 - 2. Suppose 4*u - 371*p + 372*p = 4, -12 = 3*p. What is the remainder when i is divided by u?
0
Let v(l) = l**2 - 31*l + 259. What is the remainder when 28 is divided by v(15)?
9
Suppose -3*b + 4*v + 397 - 87 = 0, 4*b = 5*v + 415. What is the remainder when 234 is divided by b?
14
Suppose -5*b + 33 = 2*r + 2, -3*b + 15 = 0. What is the remainder when (1/(-3))/((-1)/12) is divided by r?
1
Let q = -206 - -314. Suppose -37*m + q = -34*m. What is the remainder when m is divided by 22?
14
Suppose 139*z - 121 = 137*z + 3*c, 0 = -2*z - 4*c + 128. Calculate the remainder when 117 is divided by z.
55
Let t be (-238)/(-22) - 2/(-11). Suppose t*n - 9*n = 10. Calculate the remainder when 4 is divided by (-3)/n*(-25)/5.
1
Let q = -233 + 1025. Calculate the remainder when q is divided by 114.
108
Suppose w + 154 = 5*s, 3*s = s - w + 56. Suppose -4*d + 60 = v, 3*v - s = -2*d - v. What is the remainder when 28 is divided by d?
13
Suppose m = 46 + 10. Let d(u) = 17*u - 14. What is the remainder when m is divided by d(2)?
16
What is the remainder when 1 + -1 - (-612)/17 is divided by 19?
17
Suppose -60 = -2*q + 2. What is the remainder when 239 is divided by q?
22
Let x(h) = 4*h**2 - 44*h + 61. Calculate the remainder when x(19) is divided by 24.
21
Let l(z) = 11*z**2 + 4*z. Let f be l(3). Let t = -70 + f. What is the remainder when 162 is divided by t?
39
Let k(t) = 15*t**3 - 4*t**2 + t + 10. What is the remainder when k(3) is divided by 16?
14
Let d be 1/(4 - 3)*88. Let n = d - 79. Calculate the remainder when 41 is divided by n.
5
Let i(g) = g + 3. Let b be i(-1). Suppose 5*d - 104 = -b*q, -2*q - 3*d = -3*q + 41. Calculate the remainder when q is divided by 25.
22
Suppose 2*p + 1 - 5 = 0. Let h = 5 - -5. What is the remainder when 44 is divided by (112/35)/(p/h)?
12
Let b(v) = -v**3 + 20*v**2 + 53*v - 36. What is the remainder when b(22) is divided by 11?
8
Let x = -13 - -7. Let l(t) = 4*t**2 - 13*t + 5. Let h be l(5). Calculate the remainder when 15 is divided by (3/x)/((-5)/h).
3
Let f(c) be the third derivative of 47*c**5/60 - c**4/24 + c**3/6 + 10*c**2. Calculate the remainder when f(1) is divided by 12.
11
Let j be 9 + -10 + -1*12. Let a = j + 17. Suppose -5*m = 0, -36 = -3*p - a*m - m. Calculate the remainder when 35 is divided by p.
11
Let q(r) = -2*r**2 + r + 11. Let d = -15 - -15. Calculate the remainder when 30 is divided by q(d).
8
Let u(y) = y**2 + 26*y + 12. Calculate the remainder when u(-26) is divided by 8.
4
Let k = 63 + -49. Let h = k - 4. What is the remainder when 89 is divided by h?
9
Calculate the remainder when 7 is divided by 84/196*(-1 + 8).
1
Let m = -54 - -59. Suppose -m*r = -2*o - 90, -3*r - o + 38 = o. Calculate the remainder when r is divided by 4.
0
Let b(p) = 11*p. Suppose 0 = 5*r + 4*k + 10, -k = 2*r - 5*r - 6. Calculate the remainder when b(2) is divided by (0/4 + r)*-3.
4
Suppose -5*z - 11 + 36 = 0. Suppose 4*v = z*q + v - 162, -v + 1 = 0. Calculate the remainder when q is divided by 19.
14
Let y(d) = -d**3 - 21*d**2 - 41*d + 19. Calculate the remainder when 129 is divided by y(-19).
53
Let b = -23 + 43. Let d = -1588 + 1626. What is the remainder when d is divided by b?
18
Let z be 1 - 4/10 - (-10116)/(-60). Let i = -107 - z. What is the remainder when i is divided by 9?
7
Let a(l) = l**3 + 20*l**2 + 19*l + 28. Calculate the remainder when a(-19) is divided by 5.
3
Calculate the remainder when ((-6)/(-8))/(22/19272) is divided by 19.
11
Let r(u) = 12. Let o(l) = l + 11. Let c(j) = 4*o(j) - 3*r(j). Calculate the remainder when 139 is divided by c(2).
11
Suppose -4*r - 4*d + 61 = 5, 3*r - 57 = 2*d. Calculate the remainder when 558 is divided by r.
14
Let d = 57 - 113. Let l = d - -86. Suppose 3*i - 90 = 87. Calculate the remainder when i is divided by l.
29
Let p(g) = -2*g**2 - 11*g - 2. Let i be p(-5). Suppose -4*m - 340 = -r - 3*r, 0 = -i*m + 12. What is the remainder when r is divided by 18?
17
Let q be (10/(-30))/((-2)/(-12)). Let w be (9/(-15))/(q/(-10)). Calculate the remainder when -2 + w/(-1) - -18 is divided by 11.
8
Let m = -56 + 61. Suppose 0 = -4*o - 4*d + 132, -5*o - d + 176 = -m. What is the remainder when o is divided by 13?
11
Let g be 1/4 + 646/8. Let l = g + -30. Calculate the remainder when l is divided by 13/(-4)*4/(-1).
12
Let z be (4 - 2)*(-5 - -2). Let j(m) = 2*m**2 + 8*m - 4. What is the remainder when 51 is divided by j(z)?
11
Suppose 14*w = 8*w + 240. Let x(o) = 2*o**2 - 4*o - 5. What is the remainder when w is divided by x